{"id":141,"date":"2025-09-22T11:07:15","date_gmt":"2025-09-22T14:07:15","guid":{"rendered":"https:\/\/piscinariasumare.com.br\/vitrine\/?post_type=product&#038;p=141"},"modified":"2025-09-22T14:07:37","modified_gmt":"2025-09-22T17:07:37","slug":"timer-inteligente-ti-02","status":"publish","type":"product","link":"https:\/\/piscinariasumare.com.br\/vitrine\/produto\/timer-inteligente-ti-02\/","title":{"rendered":"Timer Inteligente &#8211; Ti 02"},"content":{"rendered":"<h1>Timer Inteligente &#8211; Ti 02<\/h1>\n<h4>Economia de Energia<\/h4>\n<p>Automatize seus aparelhos el\u00e9tricos e otimize seus hor\u00e1rios de funcionamento, usando energia el\u00e9trica apenas nos horas necess\u00e1rios.<\/p>\n<p>As programa\u00e7\u00f5es de hor\u00e1rios otimizam o funcionamento dos seus aparelhos el\u00e9tricos, diminuindo seu tempo de funcionamento consequentemente economizando energia.<\/p>\n<p><strong>Seguran\u00e7a<\/strong><br \/>\nTimers podem dar a impress\u00e3o de que estamos em casa mesmo quando n\u00e3o estamos. Podemos programar o funcionamento de luzes, r\u00e1dios, alarmes, etc&#8230; Quando estivermos fora de casa mesmo por longos per\u00edodos de tempo.<\/p>\n<p><strong>Comodidade<\/strong><br \/>\nTenha o controle dos seus equipamentos de qualquer lugar, n\u00e3o se preocupe em ir pessoalmente no local para ligar ou desligar.<\/p>\n<p>Informa\u00e7\u00f5es t\u00e9cnicas<br \/>\n&#8211; Alimenta\u00e7\u00e3o em 127v ou 220v (bivolt), com sele\u00e7\u00e3o autom\u00e1tica de voltagem.<br \/>\n&#8211; Tomadas conforme Padr\u00e3o Brasileiro.<br \/>\n&#8211; Pot\u00eancia M\u00e1xima: 1.270W (127 V) &#8211; 2.200W (220 V).<br \/>\n&#8211; Capacidade de corrente: 10A resistivo.<br \/>\n&#8211; F\u00e1cil instala\u00e7\u00e3o e uso.<br \/>\n&#8211; Suporte a rede WiFi.<br \/>\n&#8211; Suporta 30 Tarefas de Temporiza\u00e7\u00e3o ao mesmo tempo.<br \/>\n&#8211; Conex\u00e3o a Alexa e Google Home<br \/>\n&#8211; Conecta at\u00e9 150 Dispositivos em um \u00fanico celular.<br \/>\n&#8211; Aplicativo Tuya Smart<br \/>\n&#8211; Seguran\u00e7a: WPA\/ WPA2<br \/>\n&#8211; Homologado: Anatel<\/p>\n","protected":false},"excerpt":{"rendered":"<h4>A Piscinaria Sumar\u00e9 \u00e9 especialista em produtos para piscinas.<\/h4>\n<p>&#8211; Fabrica\u00e7\u00e3o pr\u00f3pria de produtos<br \/>\n&#8211; Distribui\u00e7\u00e3o das principais marcas do mercado<br \/>\n&#8211; Especialistas ajudam a escolha do produto ou equipamento ideal<\/p>\n","protected":false},"featured_media":142,"comment_status":"open","ping_status":"closed","template":"","meta":[],"product_brand":[],"product_cat":[16],"product_tag":[43],"class_list":{"0":"post-141","1":"product","2":"type-product","3":"status-publish","4":"has-post-thumbnail","6":"product_cat-acessorios-limpeza","7":"product_tag-timer-inteligente-ti-02","9":"first","10":"instock","11":"shipping-taxable","12":"product-type-simple"},"_links":{"self":[{"href":"https:\/\/piscinariasumare.com.br\/vitrine\/wp-json\/wp\/v2\/product\/141","targetHints":{"allow":["GET"]}}],"collection":[{"href":"https:\/\/piscinariasumare.com.br\/vitrine\/wp-json\/wp\/v2\/product"}],"about":[{"href":"https:\/\/piscinariasumare.com.br\/vitrine\/wp-json\/wp\/v2\/types\/product"}],"replies":[{"embeddable":true,"href":"https:\/\/piscinariasumare.com.br\/vitrine\/wp-json\/wp\/v2\/comments?post=141"}],"wp:featuredmedia":[{"embeddable":true,"href":"https:\/\/piscinariasumare.com.br\/vitrine\/wp-json\/wp\/v2\/media\/142"}],"wp:attachment":[{"href":"https:\/\/piscinariasumare.com.br\/vitrine\/wp-json\/wp\/v2\/media?parent=141"}],"wp:term":[{"taxonomy":"product_brand","embeddable":true,"href":"https:\/\/piscinariasumare.com.br\/vitrine\/wp-json\/wp\/v2\/product_brand?post=141"},{"taxonomy":"product_cat","embeddable":true,"href":"https:\/\/piscinariasumare.com.br\/vitrine\/wp-json\/wp\/v2\/product_cat?post=141"},{"taxonomy":"product_tag","embeddable":true,"href":"https:\/\/piscinariasumare.com.br\/vitrine\/wp-json\/wp\/v2\/product_tag?post=141"}],"curies":[{"name":"wp","href":"https:\/\/api.w.org\/{rel}","templated":true}]}}