{"id":147,"date":"2025-09-22T16:48:39","date_gmt":"2025-09-22T19:48:39","guid":{"rendered":"https:\/\/piscinariasumare.com.br\/vitrine\/?post_type=product&#038;p=147"},"modified":"2025-09-22T16:49:07","modified_gmt":"2025-09-22T19:49:07","slug":"capa-termica-plus-500-micras","status":"publish","type":"product","link":"https:\/\/piscinariasumare.com.br\/vitrine\/produto\/capa-termica-plus-500-micras\/","title":{"rendered":"Capa t\u00e9rmica plus 500 micras"},"content":{"rendered":"<h1>Capa t\u00e9rmica plus 500 micras<\/h1>\n<p>A capa t\u00e9rmica para piscina 500 micras \u00e9 indicada para academias, clubes, condom\u00ednios e locais onde o tratamento qu\u00edmico da \u00e1gua \u00e9 muito intenso devido ao maior \ufb02uxo de usu\u00e1rios. Desenvolvida para maior durabilidade, com 500 micra de espessura.<\/p>\n<p>&#8211; Espessura &#8211; aprox. 500 mi<br \/>\n&#8211; Comprimento &#8211; 35m<br \/>\n&#8211; Durabilidade &#8211; 2 a 3 anos<br \/>\n&#8211; Aquecimento &#8211; At\u00e9 8\u00b0C mais quente<br \/>\n&#8211; Uso recomendado &#8211; Clubes, academias (grande \ufb02uxo de pessoas)<br \/>\n&#8211; Limpeza &#8211; Elimina\u00e7\u00e3o de sujidades externas<br \/>\n&#8211; Largura &#8211; 2.08 m<\/p>\n<p>&nbsp;<\/p>\n","protected":false},"excerpt":{"rendered":"<h4>A Piscinaria Sumar\u00e9 \u00e9 especialista em produtos para piscinas.<\/h4>\n<p>&#8211; Fabrica\u00e7\u00e3o pr\u00f3pria de produtos<br \/>\n&#8211; Distribui\u00e7\u00e3o das principais marcas do mercado<br \/>\n&#8211; Especialistas que ajudam na escolha do produto e equipamento ideal<\/p>\n","protected":false},"featured_media":148,"comment_status":"open","ping_status":"closed","template":"","meta":[],"product_brand":[],"product_cat":[18],"product_tag":[46],"class_list":{"0":"post-147","1":"product","2":"type-product","3":"status-publish","4":"has-post-thumbnail","6":"product_cat-capa-p-piscinas-enrolador","7":"product_tag-capa-termica-plus-500-micras","9":"first","10":"instock","11":"shipping-taxable","12":"product-type-simple"},"_links":{"self":[{"href":"https:\/\/piscinariasumare.com.br\/vitrine\/wp-json\/wp\/v2\/product\/147","targetHints":{"allow":["GET"]}}],"collection":[{"href":"https:\/\/piscinariasumare.com.br\/vitrine\/wp-json\/wp\/v2\/product"}],"about":[{"href":"https:\/\/piscinariasumare.com.br\/vitrine\/wp-json\/wp\/v2\/types\/product"}],"replies":[{"embeddable":true,"href":"https:\/\/piscinariasumare.com.br\/vitrine\/wp-json\/wp\/v2\/comments?post=147"}],"wp:featuredmedia":[{"embeddable":true,"href":"https:\/\/piscinariasumare.com.br\/vitrine\/wp-json\/wp\/v2\/media\/148"}],"wp:attachment":[{"href":"https:\/\/piscinariasumare.com.br\/vitrine\/wp-json\/wp\/v2\/media?parent=147"}],"wp:term":[{"taxonomy":"product_brand","embeddable":true,"href":"https:\/\/piscinariasumare.com.br\/vitrine\/wp-json\/wp\/v2\/product_brand?post=147"},{"taxonomy":"product_cat","embeddable":true,"href":"https:\/\/piscinariasumare.com.br\/vitrine\/wp-json\/wp\/v2\/product_cat?post=147"},{"taxonomy":"product_tag","embeddable":true,"href":"https:\/\/piscinariasumare.com.br\/vitrine\/wp-json\/wp\/v2\/product_tag?post=147"}],"curies":[{"name":"wp","href":"https:\/\/api.w.org\/{rel}","templated":true}]}}