{"id":219,"date":"2025-10-02T10:53:44","date_gmt":"2025-10-02T13:53:44","guid":{"rendered":"https:\/\/piscinariasumare.com.br\/vitrine\/?post_type=product&#038;p=219"},"modified":"2025-10-02T10:54:50","modified_gmt":"2025-10-02T13:54:50","slug":"motobomba-dancor-pf-17-1-1-4-cv","status":"publish","type":"product","link":"https:\/\/piscinariasumare.com.br\/vitrine\/produto\/motobomba-dancor-pf-17-1-1-4-cv\/","title":{"rendered":"Motobomba Dancor PF-17 1.1\/4 CV"},"content":{"rendered":"<h1>Motobomba Dancor PF-17 1.1\/4 CV<\/h1>\n<p>Normalmente utilizado em \u00e1reas residenciais. Verifique sua rede el\u00e9trica antes de finalizar a compra.<br \/>\nBomba Para Piscina Dancor PF-17 1\/4 CV Monof\u00e1sica 110V\/220V<br \/>\nA Bomba Para Piscina Dancor PF-17, \u00e9 uma bomba auto-escorvante recomendada para piscinas residenciais e prediais, com volume at\u00e9 32.400 litros. Pode ser utilizada tamb\u00e9m para hidromassagens e cascatas.<br \/>\n\u00c9 indicado o uso com o filtro:<\/p>\n<p><strong>Filtro Para Piscina Dancor Dfr-12 &#8211; At\u00e9 32.400 Litros<\/strong><\/p>\n<h4>Caracter\u00edsticas T\u00e9cnicas<\/h4>\n<p>&#8211; Pot\u00eancia: 1\/4 CV;<br \/>\n&#8211; Tens\u00e3o: 110V\/220V (Bivolt);<br \/>\n&#8211; Suc\u00e7\u00e3o (Entrada) \/ Recalque (Sa\u00edda): 50 mm (Sold\u00e1vel);<br \/>\n&#8211; Vaz\u00e3o m\u00e1xima: 12.000 l\/h para 2 mca(metros);<br \/>\n&#8211; Vaz\u00e3o m\u00ednima: 1.800 l\/h para 10 mca(metros);<br \/>\n&#8211; Motor: H\u00e9rcules (IP21);<br \/>\n&#8211; Rota\u00e7\u00e3o: 3.500 rpm (2 P\u00f3los);<br \/>\n&#8211; Rotor: Noryl (Tipo fechado);<br \/>\n&#8211; Carca\u00e7a: ABS;<br \/>\n&#8211; Temperatura m\u00e1xima permitida: 80\u00b0C.<\/p>\n<h4>Garantia<\/h4>\n<p><strong>O pedido acompanha nota fiscal e garantia de 18 meses do fabricante contra defeito de fabrica\u00e7\u00e3o.<\/strong><\/p>\n<h4>Dimens\u00f5es do Produto<\/h4>\n<p>&#8211; Peso: 7,9 kg;<br \/>\n&#8211; Comprimento: 53 cm;<br \/>\n&#8211; Largura: 20,2 cm;<br \/>\n&#8211; Altura: 29,5 cm.<\/p>\n","protected":false},"excerpt":{"rendered":"<h4>A Piscinaria Sumar\u00e9 \u00e9 especialista em produtos para piscinas.<\/h4>\n<p>\u2013 Fabrica\u00e7\u00e3o pr\u00f3pria de produtos<br \/>\n\u2013 Distribuidora das principais marcas do mercado<br \/>\n\u2013 Especialistas ajudam a escolha do produto ou equipamento ideal<\/p>\n","protected":false},"featured_media":215,"comment_status":"open","ping_status":"closed","template":"","meta":[],"product_brand":[],"product_cat":[29],"product_tag":[79],"class_list":{"0":"post-219","1":"product","2":"type-product","3":"status-publish","4":"has-post-thumbnail","6":"product_cat-bombas-para-piscinas","7":"product_tag-motobomba-dancor-pf-17-1-1-4-cv","9":"first","10":"instock","11":"shipping-taxable","12":"product-type-simple"},"_links":{"self":[{"href":"https:\/\/piscinariasumare.com.br\/vitrine\/wp-json\/wp\/v2\/product\/219","targetHints":{"allow":["GET"]}}],"collection":[{"href":"https:\/\/piscinariasumare.com.br\/vitrine\/wp-json\/wp\/v2\/product"}],"about":[{"href":"https:\/\/piscinariasumare.com.br\/vitrine\/wp-json\/wp\/v2\/types\/product"}],"replies":[{"embeddable":true,"href":"https:\/\/piscinariasumare.com.br\/vitrine\/wp-json\/wp\/v2\/comments?post=219"}],"wp:featuredmedia":[{"embeddable":true,"href":"https:\/\/piscinariasumare.com.br\/vitrine\/wp-json\/wp\/v2\/media\/215"}],"wp:attachment":[{"href":"https:\/\/piscinariasumare.com.br\/vitrine\/wp-json\/wp\/v2\/media?parent=219"}],"wp:term":[{"taxonomy":"product_brand","embeddable":true,"href":"https:\/\/piscinariasumare.com.br\/vitrine\/wp-json\/wp\/v2\/product_brand?post=219"},{"taxonomy":"product_cat","embeddable":true,"href":"https:\/\/piscinariasumare.com.br\/vitrine\/wp-json\/wp\/v2\/product_cat?post=219"},{"taxonomy":"product_tag","embeddable":true,"href":"https:\/\/piscinariasumare.com.br\/vitrine\/wp-json\/wp\/v2\/product_tag?post=219"}],"curies":[{"name":"wp","href":"https:\/\/api.w.org\/{rel}","templated":true}]}}