{"id":246,"date":"2025-10-02T12:51:23","date_gmt":"2025-10-02T15:51:23","guid":{"rendered":"https:\/\/piscinariasumare.com.br\/vitrine\/?post_type=product&#038;p=246"},"modified":"2025-10-02T12:51:23","modified_gmt":"2025-10-02T15:51:23","slug":"motobomba-wmv-2-cv-claw-220v","status":"publish","type":"product","link":"https:\/\/piscinariasumare.com.br\/vitrine\/produto\/motobomba-wmv-2-cv-claw-220v\/","title":{"rendered":"Motobomba WMV 2 CV &#8211; CLAW &#8211; 220V"},"content":{"rendered":"<h1>Motobomba WMV 2 CV &#8211; CLAW &#8211; 220V<\/h1>\n<h4>Aplica\u00e7\u00f5es e Instala\u00e7\u00e3o:<\/h4>\n<p>A Motobomba Centr\u00edfuga Trif\u00e1sica WMC-200H 2CV Claw 220\/380V \u00e9 ideal para sistemas de abastecimento, irriga\u00e7\u00e3o, pressuriza\u00e7\u00e3o e recircula\u00e7\u00e3o de \u00e1gua limpa em instala\u00e7\u00f5es residenciais e prediais. Com maior vaz\u00e3o, esta bomba \u00e9 capaz de atender a m\u00faltiplos pontos de consumo simultaneamente ou abastecer reservat\u00f3rios mais rapidamente.<\/p>\n<h4>Caracter\u00edsticas de Constru\u00e7\u00e3o:<\/h4>\n<p>Corpo da Bomba: Fabricado em ferro fundido com tratamento antiferrugem para maior durabilidade.<br \/>\nRotor: Fabricado em bronze centr\u00edfugo.<br \/>\nRolamentos: Blindados para opera\u00e7\u00e3o suave e prolongada.<br \/>\nProtetor T\u00e9rmico: Inclu\u00eddo para prevenir sobreaquecimento.<br \/>\nGrau de Prote\u00e7\u00e3o: IP44.<br \/>\nSelo Mec\u00e2nico: Feito de grafite cer\u00e2mica buna para uma veda\u00e7\u00e3o eficaz.<br \/>\nConex\u00e3o: 1\u2033 rosca BSP para suc\u00e7\u00e3o e recalque.<\/p>\n<h4>Desempenho:<\/h4>\n<p>Vaz\u00e3o M\u00e1xima: At\u00e9 233 litros por minuto (14 m\u00b3\/h).<br \/>\nAltura Manom\u00e9trica M\u00e1xima: At\u00e9 40 metros de coluna de \u00e1gua (m.c.a).<\/p>\n<h4>Limites de Uso:<\/h4>\n<p>Suc\u00e7\u00e3o M\u00e1xima: 8 metros.<br \/>\nTemperatura Ambiente M\u00e1xima: 40\u00b0C.<br \/>\nTemperatura do L\u00edquido M\u00e1xima: 40\u00b0C.<br \/>\npH do L\u00edquido: Entre 6 e 8.<br \/>\nTens\u00e3o: 2CV trif\u00e1sico dispon\u00edvel em 220V ou 380V.<\/p>\n","protected":false},"excerpt":{"rendered":"<h4>A Piscinaria Sumar\u00e9 \u00e9 especialista em produtos e acess\u00f3rios para piscinas.<\/h4>\n<p>\u2013 Fabrica\u00e7\u00e3o pr\u00f3pria de produtos<br \/>\n\u2013 Distribuidora das principais marcas do mercado<br \/>\n\u2013 Especialistas ajudam a escolha do produto ou equipamento ideal<\/p>\n","protected":false},"featured_media":247,"comment_status":"open","ping_status":"closed","template":"","meta":[],"product_brand":[],"product_cat":[29],"product_tag":[96],"class_list":{"0":"post-246","1":"product","2":"type-product","3":"status-publish","4":"has-post-thumbnail","6":"product_cat-bombas-para-piscinas","7":"product_tag-motobomba-wmv-2-cv-claw-220v","9":"first","10":"instock","11":"shipping-taxable","12":"product-type-simple"},"_links":{"self":[{"href":"https:\/\/piscinariasumare.com.br\/vitrine\/wp-json\/wp\/v2\/product\/246","targetHints":{"allow":["GET"]}}],"collection":[{"href":"https:\/\/piscinariasumare.com.br\/vitrine\/wp-json\/wp\/v2\/product"}],"about":[{"href":"https:\/\/piscinariasumare.com.br\/vitrine\/wp-json\/wp\/v2\/types\/product"}],"replies":[{"embeddable":true,"href":"https:\/\/piscinariasumare.com.br\/vitrine\/wp-json\/wp\/v2\/comments?post=246"}],"wp:featuredmedia":[{"embeddable":true,"href":"https:\/\/piscinariasumare.com.br\/vitrine\/wp-json\/wp\/v2\/media\/247"}],"wp:attachment":[{"href":"https:\/\/piscinariasumare.com.br\/vitrine\/wp-json\/wp\/v2\/media?parent=246"}],"wp:term":[{"taxonomy":"product_brand","embeddable":true,"href":"https:\/\/piscinariasumare.com.br\/vitrine\/wp-json\/wp\/v2\/product_brand?post=246"},{"taxonomy":"product_cat","embeddable":true,"href":"https:\/\/piscinariasumare.com.br\/vitrine\/wp-json\/wp\/v2\/product_cat?post=246"},{"taxonomy":"product_tag","embeddable":true,"href":"https:\/\/piscinariasumare.com.br\/vitrine\/wp-json\/wp\/v2\/product_tag?post=246"}],"curies":[{"name":"wp","href":"https:\/\/api.w.org\/{rel}","templated":true}]}}