{"id":257,"date":"2025-10-03T08:22:22","date_gmt":"2025-10-03T11:22:22","guid":{"rendered":"https:\/\/piscinariasumare.com.br\/vitrine\/?post_type=product&#038;p=257"},"modified":"2025-10-03T08:22:22","modified_gmt":"2025-10-03T11:22:22","slug":"cabinho-para-aspirador-com-pino","status":"publish","type":"product","link":"https:\/\/piscinariasumare.com.br\/vitrine\/produto\/cabinho-para-aspirador-com-pino\/","title":{"rendered":"Cabinho para aspirador com pino"},"content":{"rendered":"<h1>Cabinho para aspirador com pino<\/h1>\n<p><strong>Solu\u00e7\u00f5es inovadoras e da alta qualidade de seus produtos que atendem \u00e0s necessidades dos clientes.<\/strong><\/p>\n<p>&#8211; Pe\u00e7a de reposi\u00e7\u00e3o dos aspiradores ;<\/p>\n<p>&#8211; \u00c9 fabricado em ABS com alta resist\u00eancia e durabilidade;<\/p>\n<p>&#8211; O cabinho vem com grampo e pinos.<\/p>\n<h4>\nESPECIFICA\u00c7\u00d5ES DO PRODUTO:<\/h4>\n<p>C\u00f3d. de refer\u00eancia: 007290<br \/>\nAltura: 3 cm<br \/>\nLargura: 3 cm<br \/>\nLargura (encaixe do cabo): 5 cm<br \/>\nComprimento total: 13 cm<br \/>\nPeso: 40g<\/p>\n<p><strong>* Garantia do vendedor:\u00a0 3 meses<\/strong><\/p>\n","protected":false},"excerpt":{"rendered":"<h4>A Piscinaria Sumar\u00e9 \u00e9 especialista em produtos e acess\u00f3rios para piscinas.<\/h4>\n<p>\u2013 Fabrica\u00e7\u00e3o pr\u00f3pria de produtos<br \/>\n\u2013 Distribuidora das principais marcas do mercado<br \/>\n\u2013 Especialistas ajudam a escolha do produto ou equipamento ideal<\/p>\n","protected":false},"featured_media":258,"comment_status":"open","ping_status":"closed","template":"","meta":[],"product_brand":[],"product_cat":[16],"product_tag":[102],"class_list":{"0":"post-257","1":"product","2":"type-product","3":"status-publish","4":"has-post-thumbnail","6":"product_cat-acessorios-limpeza","7":"product_tag-cabinho-para-aspirador-com-pino","9":"first","10":"instock","11":"shipping-taxable","12":"product-type-simple"},"_links":{"self":[{"href":"https:\/\/piscinariasumare.com.br\/vitrine\/wp-json\/wp\/v2\/product\/257","targetHints":{"allow":["GET"]}}],"collection":[{"href":"https:\/\/piscinariasumare.com.br\/vitrine\/wp-json\/wp\/v2\/product"}],"about":[{"href":"https:\/\/piscinariasumare.com.br\/vitrine\/wp-json\/wp\/v2\/types\/product"}],"replies":[{"embeddable":true,"href":"https:\/\/piscinariasumare.com.br\/vitrine\/wp-json\/wp\/v2\/comments?post=257"}],"wp:featuredmedia":[{"embeddable":true,"href":"https:\/\/piscinariasumare.com.br\/vitrine\/wp-json\/wp\/v2\/media\/258"}],"wp:attachment":[{"href":"https:\/\/piscinariasumare.com.br\/vitrine\/wp-json\/wp\/v2\/media?parent=257"}],"wp:term":[{"taxonomy":"product_brand","embeddable":true,"href":"https:\/\/piscinariasumare.com.br\/vitrine\/wp-json\/wp\/v2\/product_brand?post=257"},{"taxonomy":"product_cat","embeddable":true,"href":"https:\/\/piscinariasumare.com.br\/vitrine\/wp-json\/wp\/v2\/product_cat?post=257"},{"taxonomy":"product_tag","embeddable":true,"href":"https:\/\/piscinariasumare.com.br\/vitrine\/wp-json\/wp\/v2\/product_tag?post=257"}],"curies":[{"name":"wp","href":"https:\/\/api.w.org\/{rel}","templated":true}]}}