{"id":263,"date":"2025-10-03T09:16:19","date_gmt":"2025-10-03T12:16:19","guid":{"rendered":"https:\/\/piscinariasumare.com.br\/vitrine\/?post_type=product&#038;p=263"},"modified":"2025-10-03T10:47:31","modified_gmt":"2025-10-03T13:47:31","slug":"estojo-de-teste-3x1-ph-cloro-alcalinidade","status":"publish","type":"product","link":"https:\/\/piscinariasumare.com.br\/vitrine\/produto\/estojo-de-teste-3x1-ph-cloro-alcalinidade\/","title":{"rendered":"Estojo de teste 3&#215;1 &#8211; PH \/ Cloro \/ Alcalinidade"},"content":{"rendered":"<h1>Estojo de teste 3&#215;1 &#8211; PH \/ Cloro \/ Alcalinidade<\/h1>\n<p>Use o Kit Teste para analisar diariamente o pH, o residual de cloro e alcalinidade na \u00e1gua da piscina.<br \/>\nMantendo os par\u00e2metros ideais (CL \/ pH e Alcalinidade) assegura-se uma a\u00e7\u00e3o eficaz dos produtos qu\u00edmicos utilizados, evitando que a \u00e1gua fique verde ou turva.<br \/>\nO pH e\/ou Alcalinidade muito baixos, indicam uma \u00e1gua \u00e1cida, podendo causar ard\u00eancia nos olhos, ressecamento da pele e corros\u00f5es dos equipamentos.<\/p>\n<h4>Conte\u00fado da Embalagem:<\/h4>\n<p>01 &#8211; Estojo Kit Teste 3 em 1<br \/>\n01 &#8211; Solu\u00e7\u00e3o de Vermelho Fenol para an\u00e1lise de pH &#8211; 20ml<br \/>\n01 &#8211; Solu\u00e7\u00e3o de Orto-Tolidina frasco para an\u00e1lise de Cloro &#8211; 20ml<br \/>\n01 &#8211; Comparador para medi\u00e7\u00e3o de pH e Cloro<br \/>\n01 &#8211; Reagente AT1 Titulante\/Branco &#8211; 20ml<br \/>\n01 &#8211; Reagente AT2 Indicador\/Azul &#8211; 20ml<br \/>\n01 &#8211; Recipiente indicador para Alcalinidade<\/p>\n<h4>INSTRU\u00c7\u00d5ES DE USO &#8211; pH e Cloro<\/h4>\n<p>1. Mergulhe o comparador na \u00e1gua da piscina e colha as amostras a aproximadamente 30cm de profundidade, deixando a \u00e1gua no n\u00edvel indicado pela marca no comparador.<br \/>\n2. Adicione 4 gotas do Reagente pH (vermelho) ao tubo correspondente ao pH (lado direito do comparador).<br \/>\n3. Adicione 4 gotas do Reagente Cloro (amarelo) ao tubo correspondente ao Cloro (lado esquerdo do comparador).<br \/>\n4. Feche bem o comparador e agite para igualar as cores formadas e compare-as com as cores padr\u00f5es que est\u00e3o no comparador, se necess\u00e1rio fa\u00e7a a corre\u00e7\u00e3o usando os produtos adequados.<\/p>\n<h4>INSTRU\u00c7\u00d5ES DE USO &#8211; Alcalinidade<\/h4>\n<p>1 &#8211; Mergulhe o tubo cil\u00edndrico na piscina e colha a amostra de 25ml de \u00e1gua no n\u00edvel indicado pelo tra\u00e7o.<br \/>\n2 &#8211; Adicione 4 gotas da Solu\u00e7\u00e3o 2 (Indicador) e agite para igualar a cor.<br \/>\n3 &#8211; Adicione cuidadosamente a Solu\u00e7\u00e3o 1 (Titulante), uma gota de cada vez (contando-as). Mantenha o frasco na posi\u00e7\u00e3o vertical e agite o tubo em c\u00edrculos durante a adi\u00e7\u00e3o at\u00e9 que a cor da \u00e1gua se torne rosada. Ap\u00f3s verificado o n\u00b0 de gotas, consulte o resultado correspondente na tabela ao lado.<br \/>\n4 &#8211; O resultado da an\u00e1lise \u00e9 igual ao n\u00famero de gotas utilizadas multiplicado por 10.<\/p>\n<p><strong>Ex: 12 gotas &#8211; Alcalinidade Total = 12 x 10 = 120ppm<\/strong><\/p>\n<p><strong>PAR\u00c2METROS IDEAIS:<\/strong><br \/>\npH: 7.4 a 7.6<br \/>\nCloro: 1 a 3ppm<\/p>\n","protected":false},"excerpt":{"rendered":"<h4>A Piscinaria Sumar\u00e9 \u00e9 especialista em produtos e acess\u00f3rios para piscinas.<\/h4>\n<p>\u2013 Fabrica\u00e7\u00e3o pr\u00f3pria de produtos<br \/>\n\u2013 Distribuidora das principais marcas do mercado<br \/>\n\u2013 Especialistas ajudam a escolha do produto ou equipamento ideal<\/p>\n","protected":false},"featured_media":264,"comment_status":"open","ping_status":"closed","template":"","meta":[],"product_brand":[],"product_cat":[16],"product_tag":[105],"class_list":{"0":"post-263","1":"product","2":"type-product","3":"status-publish","4":"has-post-thumbnail","6":"product_cat-acessorios-limpeza","7":"product_tag-estojo-de-teste-3x1-ph-cloro-alcalinidade","9":"first","10":"instock","11":"shipping-taxable","12":"product-type-simple"},"_links":{"self":[{"href":"https:\/\/piscinariasumare.com.br\/vitrine\/wp-json\/wp\/v2\/product\/263","targetHints":{"allow":["GET"]}}],"collection":[{"href":"https:\/\/piscinariasumare.com.br\/vitrine\/wp-json\/wp\/v2\/product"}],"about":[{"href":"https:\/\/piscinariasumare.com.br\/vitrine\/wp-json\/wp\/v2\/types\/product"}],"replies":[{"embeddable":true,"href":"https:\/\/piscinariasumare.com.br\/vitrine\/wp-json\/wp\/v2\/comments?post=263"}],"wp:featuredmedia":[{"embeddable":true,"href":"https:\/\/piscinariasumare.com.br\/vitrine\/wp-json\/wp\/v2\/media\/264"}],"wp:attachment":[{"href":"https:\/\/piscinariasumare.com.br\/vitrine\/wp-json\/wp\/v2\/media?parent=263"}],"wp:term":[{"taxonomy":"product_brand","embeddable":true,"href":"https:\/\/piscinariasumare.com.br\/vitrine\/wp-json\/wp\/v2\/product_brand?post=263"},{"taxonomy":"product_cat","embeddable":true,"href":"https:\/\/piscinariasumare.com.br\/vitrine\/wp-json\/wp\/v2\/product_cat?post=263"},{"taxonomy":"product_tag","embeddable":true,"href":"https:\/\/piscinariasumare.com.br\/vitrine\/wp-json\/wp\/v2\/product_tag?post=263"}],"curies":[{"name":"wp","href":"https:\/\/api.w.org\/{rel}","templated":true}]}}