{"id":272,"date":"2025-10-03T09:54:18","date_gmt":"2025-10-03T12:54:18","guid":{"rendered":"https:\/\/piscinariasumare.com.br\/vitrine\/?post_type=product&#038;p=272"},"modified":"2025-10-03T09:54:18","modified_gmt":"2025-10-03T12:54:18","slug":"aspirador-de-escova-multi-escova","status":"publish","type":"product","link":"https:\/\/piscinariasumare.com.br\/vitrine\/produto\/aspirador-de-escova-multi-escova\/","title":{"rendered":"Aspirador de Escova multi-escova"},"content":{"rendered":"<h1>Aspirador de Escova multi-escova<\/h1>\n<p>Aspirador Universal para todos os modelos de Piscinas<\/p>\n<p>Aspirador UNIVERSAL : A limpeza da sua piscina nunca foi t\u00e3o f\u00e1cil!<\/p>\n<p>Com o Aspirador de Escova multi-escova , voc\u00ea garante uma limpeza completa e eficiente da sua piscina, prolongando a vida \u00fatil da \u00e1gua e proporcionando um ambiente mais saud\u00e1vel e agrad\u00e1vel para toda a fam\u00edlia.<\/p>\n<p>\u2022 O \u00fanico modelo que acopla 2 tipos de mangueiras sendo de 32 mm e de 38 (interna) padr\u00e3o de piscinas.<br \/>\n\u2022 Design inovador: Seu formato aerodin\u00e2mico e materiais de alta qualidade garantem maior efici\u00eancia na coleta de sujeiras.<br \/>\n\u2022 Versatilidade: Ideal para piscinas de vinil, alvenaria e fibra, adaptando-se a diferentes formatos e tamanhos.<br \/>\n\u2022 Durabilidade: Constru\u00eddo para durar, o Aspirador Brustec resiste \u00e0s condi\u00e7\u00f5es mais adversas, garantindo um longo tempo de uso.<\/p>\n","protected":false},"excerpt":{"rendered":"<h4>A Piscinaria Sumar\u00e9 \u00e9 especialista em produtos e acess\u00f3rios para piscinas.<\/h4>\n<p>\u2013 Fabrica\u00e7\u00e3o pr\u00f3pria de produtos<br \/>\n\u2013 Distribuidora das principais marcas do mercado<br \/>\n\u2013 Especialistas ajudam a escolha do produto ou equipamento ideal<\/p>\n","protected":false},"featured_media":273,"comment_status":"open","ping_status":"closed","template":"","meta":[],"product_brand":[],"product_cat":[16],"product_tag":[109],"class_list":{"0":"post-272","1":"product","2":"type-product","3":"status-publish","4":"has-post-thumbnail","6":"product_cat-acessorios-limpeza","7":"product_tag-aspirador-de-escova-multi-escova","9":"first","10":"instock","11":"shipping-taxable","12":"product-type-simple"},"_links":{"self":[{"href":"https:\/\/piscinariasumare.com.br\/vitrine\/wp-json\/wp\/v2\/product\/272","targetHints":{"allow":["GET"]}}],"collection":[{"href":"https:\/\/piscinariasumare.com.br\/vitrine\/wp-json\/wp\/v2\/product"}],"about":[{"href":"https:\/\/piscinariasumare.com.br\/vitrine\/wp-json\/wp\/v2\/types\/product"}],"replies":[{"embeddable":true,"href":"https:\/\/piscinariasumare.com.br\/vitrine\/wp-json\/wp\/v2\/comments?post=272"}],"wp:featuredmedia":[{"embeddable":true,"href":"https:\/\/piscinariasumare.com.br\/vitrine\/wp-json\/wp\/v2\/media\/273"}],"wp:attachment":[{"href":"https:\/\/piscinariasumare.com.br\/vitrine\/wp-json\/wp\/v2\/media?parent=272"}],"wp:term":[{"taxonomy":"product_brand","embeddable":true,"href":"https:\/\/piscinariasumare.com.br\/vitrine\/wp-json\/wp\/v2\/product_brand?post=272"},{"taxonomy":"product_cat","embeddable":true,"href":"https:\/\/piscinariasumare.com.br\/vitrine\/wp-json\/wp\/v2\/product_cat?post=272"},{"taxonomy":"product_tag","embeddable":true,"href":"https:\/\/piscinariasumare.com.br\/vitrine\/wp-json\/wp\/v2\/product_tag?post=272"}],"curies":[{"name":"wp","href":"https:\/\/api.w.org\/{rel}","templated":true}]}}