{"id":282,"date":"2025-10-03T10:24:53","date_gmt":"2025-10-03T13:24:53","guid":{"rendered":"https:\/\/piscinariasumare.com.br\/vitrine\/?post_type=product&#038;p=282"},"modified":"2025-10-03T10:25:37","modified_gmt":"2025-10-03T13:25:37","slug":"clorador-flutuante","status":"publish","type":"product","link":"https:\/\/piscinariasumare.com.br\/vitrine\/produto\/clorador-flutuante\/","title":{"rendered":"Clorador flutuante"},"content":{"rendered":"<h1>Clorador flutuante<\/h1>\n<p>O Clorador Flutuante para Pastilhas De Cloro \u00e9 a solu\u00e7\u00e3o perfeita para manter a \u00e1gua da sua piscina sempre limpa e cristalina. Conhecido pela sua qualidade e durabilidade, este clorador flutuante \u00e9 a escolha ideal para garantir a higiene da sua piscina.<\/p>\n<p>Com um design em formato de margarida e na cor azul, este clorador flutuante \u00e9 n\u00e3o apenas funcional, mas tamb\u00e9m esteticamente agrad\u00e1vel, adicionando um toque de charme \u00e0 sua piscina. Al\u00e9m disso, o modelo \u00e9 f\u00e1cil de usar, basta adicionar as pastilhas de cloro e deixar o clorador flutuar na \u00e1gua.<\/p>\n<p>Com ele, voc\u00ea ter\u00e1 a tranquilidade de saber que a \u00e1gua da sua piscina estar\u00e1 sempre desinfetada, livre de bact\u00e9rias e outros microorganismos prejudiciais \u00e0 sa\u00fade.<\/p>\n","protected":false},"excerpt":{"rendered":"<h4>A Piscinaria Sumar\u00e9 \u00e9 especialista em produtos e acess\u00f3rios para piscinas.<\/h4>\n<p>\u2013 Fabrica\u00e7\u00e3o pr\u00f3pria de produtos<br \/>\n\u2013 Distribuidora das principais marcas do mercado<br \/>\n\u2013 Especialistas ajudam a escolha do produto ou equipamento ideal<\/p>\n","protected":false},"featured_media":283,"comment_status":"open","ping_status":"closed","template":"","meta":[],"product_brand":[],"product_cat":[16],"product_tag":[114],"class_list":{"0":"post-282","1":"product","2":"type-product","3":"status-publish","4":"has-post-thumbnail","6":"product_cat-acessorios-limpeza","7":"product_tag-clorador-flutuante","9":"first","10":"instock","11":"shipping-taxable","12":"product-type-simple"},"_links":{"self":[{"href":"https:\/\/piscinariasumare.com.br\/vitrine\/wp-json\/wp\/v2\/product\/282","targetHints":{"allow":["GET"]}}],"collection":[{"href":"https:\/\/piscinariasumare.com.br\/vitrine\/wp-json\/wp\/v2\/product"}],"about":[{"href":"https:\/\/piscinariasumare.com.br\/vitrine\/wp-json\/wp\/v2\/types\/product"}],"replies":[{"embeddable":true,"href":"https:\/\/piscinariasumare.com.br\/vitrine\/wp-json\/wp\/v2\/comments?post=282"}],"wp:featuredmedia":[{"embeddable":true,"href":"https:\/\/piscinariasumare.com.br\/vitrine\/wp-json\/wp\/v2\/media\/283"}],"wp:attachment":[{"href":"https:\/\/piscinariasumare.com.br\/vitrine\/wp-json\/wp\/v2\/media?parent=282"}],"wp:term":[{"taxonomy":"product_brand","embeddable":true,"href":"https:\/\/piscinariasumare.com.br\/vitrine\/wp-json\/wp\/v2\/product_brand?post=282"},{"taxonomy":"product_cat","embeddable":true,"href":"https:\/\/piscinariasumare.com.br\/vitrine\/wp-json\/wp\/v2\/product_cat?post=282"},{"taxonomy":"product_tag","embeddable":true,"href":"https:\/\/piscinariasumare.com.br\/vitrine\/wp-json\/wp\/v2\/product_tag?post=282"}],"curies":[{"name":"wp","href":"https:\/\/api.w.org\/{rel}","templated":true}]}}