{"id":287,"date":"2025-10-03T10:48:03","date_gmt":"2025-10-03T13:48:03","guid":{"rendered":"https:\/\/piscinariasumare.com.br\/vitrine\/?post_type=product&#038;p=287"},"modified":"2025-10-03T10:48:03","modified_gmt":"2025-10-03T13:48:03","slug":"escova-reta-para-limpeza-de-piscinas","status":"publish","type":"product","link":"https:\/\/piscinariasumare.com.br\/vitrine\/produto\/escova-reta-para-limpeza-de-piscinas\/","title":{"rendered":"Escova reta para limpeza de piscinas"},"content":{"rendered":"<h1>Escova reta para limpeza de piscinas<\/h1>\n<p>Transforme a manuten\u00e7\u00e3o da sua piscina em uma tarefa f\u00e1cil e eficaz com a Escova para Piscina Reta Injetada em Polipropileno.<br \/>\nDesign reto injetado em polipropileno de alta qualidade, esta escova foi projetada para garantir resultados.<\/p>\n<p><strong>Especifica\u00e7\u00f5es T\u00e9cnicas:<\/strong><br \/>\nInjetada em PP (Polipropileno)<br \/>\nSistema clip para fixa\u00e7\u00e3o<br \/>\nF\u00e1cil substitui\u00e7\u00e3o do cabo telesc\u00f3pico.<\/p>\n<p><strong>Vantagens:<\/strong><br \/>\nSe destaca pelo design moderno e qualidade no acabamento<br \/>\nPossui cantos arredondados e super refor\u00e7ada<\/p>\n<p><strong>Cerdas de nylon de dupla densidade:<\/strong> macia por fora e m\u00e9dia por dentro.<\/p>\n","protected":false},"excerpt":{"rendered":"<h4>A Piscinaria Sumar\u00e9 \u00e9 especialista em produtos e acess\u00f3rios para piscinas.<\/h4>\n<p>\u2013 Fabrica\u00e7\u00e3o pr\u00f3pria de produtos<br \/>\n\u2013 Distribuidora das principais marcas do mercado<br \/>\n\u2013 Especialistas ajudam a escolha do produto ou equipamento ideal<\/p>\n","protected":false},"featured_media":288,"comment_status":"open","ping_status":"closed","template":"","meta":[],"product_brand":[],"product_cat":[16],"product_tag":[116],"class_list":{"0":"post-287","1":"product","2":"type-product","3":"status-publish","4":"has-post-thumbnail","6":"product_cat-acessorios-limpeza","7":"product_tag-escova-reta-para-limpeza-de-piscinas","9":"first","10":"instock","11":"shipping-taxable","12":"product-type-simple"},"_links":{"self":[{"href":"https:\/\/piscinariasumare.com.br\/vitrine\/wp-json\/wp\/v2\/product\/287","targetHints":{"allow":["GET"]}}],"collection":[{"href":"https:\/\/piscinariasumare.com.br\/vitrine\/wp-json\/wp\/v2\/product"}],"about":[{"href":"https:\/\/piscinariasumare.com.br\/vitrine\/wp-json\/wp\/v2\/types\/product"}],"replies":[{"embeddable":true,"href":"https:\/\/piscinariasumare.com.br\/vitrine\/wp-json\/wp\/v2\/comments?post=287"}],"wp:featuredmedia":[{"embeddable":true,"href":"https:\/\/piscinariasumare.com.br\/vitrine\/wp-json\/wp\/v2\/media\/288"}],"wp:attachment":[{"href":"https:\/\/piscinariasumare.com.br\/vitrine\/wp-json\/wp\/v2\/media?parent=287"}],"wp:term":[{"taxonomy":"product_brand","embeddable":true,"href":"https:\/\/piscinariasumare.com.br\/vitrine\/wp-json\/wp\/v2\/product_brand?post=287"},{"taxonomy":"product_cat","embeddable":true,"href":"https:\/\/piscinariasumare.com.br\/vitrine\/wp-json\/wp\/v2\/product_cat?post=287"},{"taxonomy":"product_tag","embeddable":true,"href":"https:\/\/piscinariasumare.com.br\/vitrine\/wp-json\/wp\/v2\/product_tag?post=287"}],"curies":[{"name":"wp","href":"https:\/\/api.w.org\/{rel}","templated":true}]}}