{"id":293,"date":"2025-10-03T11:54:20","date_gmt":"2025-10-03T14:54:20","guid":{"rendered":"https:\/\/piscinariasumare.com.br\/vitrine\/?post_type=product&#038;p=293"},"modified":"2025-10-03T11:54:20","modified_gmt":"2025-10-03T14:54:20","slug":"escova-plastica-com-cerdas-de-inox","status":"publish","type":"product","link":"https:\/\/piscinariasumare.com.br\/vitrine\/produto\/escova-plastica-com-cerdas-de-inox\/","title":{"rendered":"Escova pl\u00e1stica com cerdas de inox"},"content":{"rendered":"<h1>Escova pl\u00e1stica com cerdas de inox para piscinas<\/h1>\n<p>A Escova A\u00e7o Inox 25 cm \u00e9 produzida com base em pl\u00e1stico e cerdas em a\u00e7o inox.<br \/>\nFoi desenvolvido para ser utilizada na limpeza removendo a sujeira mais grossa, como incrusta\u00e7\u00f5es de algas no rejunte dos azulejos.<br \/>\nIdeal para piscinas de alvenaria e concreto.<br \/>\nA Piscinaria Sumar\u00e9 \u00e9 refer\u00eancia na constru\u00e7\u00e3o de piscinas, venda de equipamentos, produtos para tratamento e manuten\u00e7\u00e3o, al\u00e9m de pe\u00e7as para reposi\u00e7\u00e3o.<br \/>\nCom 30 anos de experi\u00eancia, garantimos alta qualidade e durabilidade.<\/p>\n","protected":false},"excerpt":{"rendered":"<h4>A Piscinaria Sumar\u00e9 \u00e9 especialista em produtos e acess\u00f3rios para piscinas.<\/h4>\n<p>\u2013 Fabrica\u00e7\u00e3o pr\u00f3pria de produtos<br \/>\n\u2013 Distribuidora das principais marcas do mercado<br \/>\n\u2013 Especialistas ajudam a escolha do produto ou equipamento ideal<\/p>\n","protected":false},"featured_media":294,"comment_status":"open","ping_status":"closed","template":"","meta":[],"product_brand":[],"product_cat":[16],"product_tag":[119],"class_list":{"0":"post-293","1":"product","2":"type-product","3":"status-publish","4":"has-post-thumbnail","6":"product_cat-acessorios-limpeza","7":"product_tag-escova-plastica-com-cerdas-de-inox","9":"first","10":"instock","11":"shipping-taxable","12":"product-type-simple"},"_links":{"self":[{"href":"https:\/\/piscinariasumare.com.br\/vitrine\/wp-json\/wp\/v2\/product\/293","targetHints":{"allow":["GET"]}}],"collection":[{"href":"https:\/\/piscinariasumare.com.br\/vitrine\/wp-json\/wp\/v2\/product"}],"about":[{"href":"https:\/\/piscinariasumare.com.br\/vitrine\/wp-json\/wp\/v2\/types\/product"}],"replies":[{"embeddable":true,"href":"https:\/\/piscinariasumare.com.br\/vitrine\/wp-json\/wp\/v2\/comments?post=293"}],"wp:featuredmedia":[{"embeddable":true,"href":"https:\/\/piscinariasumare.com.br\/vitrine\/wp-json\/wp\/v2\/media\/294"}],"wp:attachment":[{"href":"https:\/\/piscinariasumare.com.br\/vitrine\/wp-json\/wp\/v2\/media?parent=293"}],"wp:term":[{"taxonomy":"product_brand","embeddable":true,"href":"https:\/\/piscinariasumare.com.br\/vitrine\/wp-json\/wp\/v2\/product_brand?post=293"},{"taxonomy":"product_cat","embeddable":true,"href":"https:\/\/piscinariasumare.com.br\/vitrine\/wp-json\/wp\/v2\/product_cat?post=293"},{"taxonomy":"product_tag","embeddable":true,"href":"https:\/\/piscinariasumare.com.br\/vitrine\/wp-json\/wp\/v2\/product_tag?post=293"}],"curies":[{"name":"wp","href":"https:\/\/api.w.org\/{rel}","templated":true}]}}