{"id":323,"date":"2025-10-03T15:30:33","date_gmt":"2025-10-03T18:30:33","guid":{"rendered":"https:\/\/piscinariasumare.com.br\/vitrine\/?post_type=product&#038;p=323"},"modified":"2025-10-15T20:08:10","modified_gmt":"2025-10-15T23:08:10","slug":"kit-de-biribol","status":"publish","type":"product","link":"https:\/\/piscinariasumare.com.br\/vitrine\/produto\/kit-de-biribol\/","title":{"rendered":"Kit de Biribol"},"content":{"rendered":"<h1>Kit de Biribol 3, 4, 5 e mts<\/h1>\n<p>A op\u00e7\u00e3o bacana para divers\u00e3o ou pratica do esporte em sua piscina<\/p>\n<p>O esporte criado no brasil \u00e9 muito utilizado em academias, escolas, clubes e hot\u00e9is<\/p>\n<p><strong>Acompanha:<\/strong><br \/>\n02 &#8211; Chumbadores<br \/>\n02 &#8211; Hastes<br \/>\n01 &#8211; Rede De Nylon de 6 metros<\/p>\n<p><strong>Vantagens:<\/strong><\/p>\n<p>BIRIBOL \u00e9 um esporte aqu\u00e1tico, que nasceu da necessidade de estimulo e motiva\u00e7\u00e3o nas piscinas.<\/p>\n<p>Surge como forma inteligente de se usar as piscinas para a pr\u00e1tica e aprendizado da nata\u00e7\u00e3o.<\/p>\n<p>\u00c9 a mais nova modalidade esportiva no Brasil, e o \u00fanico esporte genuinamente brasileiro, nascido e criado dentro das nossas fronteiras e praticado dentro de uma piscina com rede, bola e postes de sustenta\u00e7\u00e3o.<\/p>\n<p>O BIRIBOL \u00e9 um esporte ecl\u00e9tico porque atende a todos os tipos de pessoas chegando a exercer, al\u00e9m dos efeitos f\u00edsicos, tamb\u00e9m os efeitos ps\u00edquicos sobre aqueles que praticam o jogo.<\/p>\n","protected":false},"excerpt":{"rendered":"<h4>A Piscinaria Sumar\u00e9 \u00e9 especialista em produtos e acess\u00f3rios para piscinas.<\/h4>\n<p>\u2013 Fabrica\u00e7\u00e3o pr\u00f3pria de produtos<br \/>\n\u2013 Distribuidora das principais marcas do mercado<br \/>\n\u2013 Especialistas ajudam a escolha do produto ou equipamento ideal<\/p>\n","protected":false},"featured_media":324,"comment_status":"open","ping_status":"closed","template":"","meta":[],"product_brand":[],"product_cat":[16],"product_tag":[305],"class_list":{"0":"post-323","1":"product","2":"type-product","3":"status-publish","4":"has-post-thumbnail","6":"product_cat-acessorios-limpeza","7":"product_tag-kit-biribol","9":"first","10":"instock","11":"shipping-taxable","12":"product-type-simple"},"_links":{"self":[{"href":"https:\/\/piscinariasumare.com.br\/vitrine\/wp-json\/wp\/v2\/product\/323","targetHints":{"allow":["GET"]}}],"collection":[{"href":"https:\/\/piscinariasumare.com.br\/vitrine\/wp-json\/wp\/v2\/product"}],"about":[{"href":"https:\/\/piscinariasumare.com.br\/vitrine\/wp-json\/wp\/v2\/types\/product"}],"replies":[{"embeddable":true,"href":"https:\/\/piscinariasumare.com.br\/vitrine\/wp-json\/wp\/v2\/comments?post=323"}],"wp:featuredmedia":[{"embeddable":true,"href":"https:\/\/piscinariasumare.com.br\/vitrine\/wp-json\/wp\/v2\/media\/324"}],"wp:attachment":[{"href":"https:\/\/piscinariasumare.com.br\/vitrine\/wp-json\/wp\/v2\/media?parent=323"}],"wp:term":[{"taxonomy":"product_brand","embeddable":true,"href":"https:\/\/piscinariasumare.com.br\/vitrine\/wp-json\/wp\/v2\/product_brand?post=323"},{"taxonomy":"product_cat","embeddable":true,"href":"https:\/\/piscinariasumare.com.br\/vitrine\/wp-json\/wp\/v2\/product_cat?post=323"},{"taxonomy":"product_tag","embeddable":true,"href":"https:\/\/piscinariasumare.com.br\/vitrine\/wp-json\/wp\/v2\/product_tag?post=323"}],"curies":[{"name":"wp","href":"https:\/\/api.w.org\/{rel}","templated":true}]}}