{"id":325,"date":"2025-10-03T15:33:41","date_gmt":"2025-10-03T18:33:41","guid":{"rendered":"https:\/\/piscinariasumare.com.br\/vitrine\/?post_type=product&#038;p=325"},"modified":"2025-10-03T15:33:42","modified_gmt":"2025-10-03T18:33:42","slug":"visor-retrolavagem-de-filtro","status":"publish","type":"product","link":"https:\/\/piscinariasumare.com.br\/vitrine\/produto\/visor-retrolavagem-de-filtro\/","title":{"rendered":"Visor retrolavagem de filtro"},"content":{"rendered":"<h1>Visor retrolavagem de filtro<\/h1>\n<p>Com o Visor retrolavagem de filtro sua piscina estar\u00e1 sempre limpa e brilhar\u00e1 com uma cor cristalina, devido ao seu sistema contra-lavagem. Este mecanismo \u00e9 um elemento essencial da limpeza e consiste na manipula\u00e7\u00e3o das chaves, com a qual voc\u00ea pode reverter a dire\u00e7\u00e3o da circula\u00e7\u00e3o da \u00e1gua e, assim, remover os materiais retidos no dispositivo.<\/p>\n<p><strong>Alto desempenho e efici\u00eancia<\/strong><br \/>\nEste filtro de areia \u00e9 caracterizado por sua grande capacidade de filtra\u00e7\u00e3o, e se destaca por ser um m\u00e9todo econ\u00f4mico de f\u00e1cil manuten\u00e7\u00e3o. Diferentes part\u00edculas, como folhas e insetos, ser\u00e3o expulsas, permitindo que voc\u00ea nade confortavelmente sem sujeira.<\/p>\n<p><strong>Projetado para piscinas dom\u00e9sticas<\/strong><br \/>\nO uso deste dispositivo \u00e9 recomendado para ambientes residenciais, devido \u00e0 operabilidade da filtragem do dispositivo.<\/p>\n","protected":false},"excerpt":{"rendered":"<h4>A Piscinaria Sumar\u00e9 \u00e9 especialista em produtos e acess\u00f3rios para piscinas.<\/h4>\n<p>\u2013 Fabrica\u00e7\u00e3o pr\u00f3pria de produtos<br \/>\n\u2013 Distribuidora das principais marcas do mercado<br \/>\n\u2013 Especialistas ajudam a escolha do produto ou equipamento ideal<\/p>\n","protected":false},"featured_media":326,"comment_status":"open","ping_status":"closed","template":"","meta":[],"product_brand":[],"product_cat":[16],"product_tag":[136],"class_list":{"0":"post-325","1":"product","2":"type-product","3":"status-publish","4":"has-post-thumbnail","6":"product_cat-acessorios-limpeza","7":"product_tag-visor-retrolavagem-de-filtro","9":"first","10":"instock","11":"shipping-taxable","12":"product-type-simple"},"_links":{"self":[{"href":"https:\/\/piscinariasumare.com.br\/vitrine\/wp-json\/wp\/v2\/product\/325","targetHints":{"allow":["GET"]}}],"collection":[{"href":"https:\/\/piscinariasumare.com.br\/vitrine\/wp-json\/wp\/v2\/product"}],"about":[{"href":"https:\/\/piscinariasumare.com.br\/vitrine\/wp-json\/wp\/v2\/types\/product"}],"replies":[{"embeddable":true,"href":"https:\/\/piscinariasumare.com.br\/vitrine\/wp-json\/wp\/v2\/comments?post=325"}],"wp:featuredmedia":[{"embeddable":true,"href":"https:\/\/piscinariasumare.com.br\/vitrine\/wp-json\/wp\/v2\/media\/326"}],"wp:attachment":[{"href":"https:\/\/piscinariasumare.com.br\/vitrine\/wp-json\/wp\/v2\/media?parent=325"}],"wp:term":[{"taxonomy":"product_brand","embeddable":true,"href":"https:\/\/piscinariasumare.com.br\/vitrine\/wp-json\/wp\/v2\/product_brand?post=325"},{"taxonomy":"product_cat","embeddable":true,"href":"https:\/\/piscinariasumare.com.br\/vitrine\/wp-json\/wp\/v2\/product_cat?post=325"},{"taxonomy":"product_tag","embeddable":true,"href":"https:\/\/piscinariasumare.com.br\/vitrine\/wp-json\/wp\/v2\/product_tag?post=325"}],"curies":[{"name":"wp","href":"https:\/\/api.w.org\/{rel}","templated":true}]}}